a composite number?
False
Is 4005593 composite?
True
Is 457016097 prime?
False
Is 6980899 a composite number?
False
Is 1489904147 a composite number?
True
Is 1259273 a prime number?
False
Is 17813551 composite?
True
Is 84080561 a composite number?
True
Is 7702018 prime?
False
Is 5002381 a composite number?
True
Is 2608409 a prime number?
True
Is 20519329 a composite number?
True
Is 129517513 a composite number?
False
Is 266627905 prime?
False
Is 3905857 a prime number?
True
Is 22237871 a composite number?
False
Is 513462121 prime?
True
Is 126059 composite?
True
Is 46895041 prime?
True
Is 157897127 composite?
False
Is 103471 a composite number?
False
Is 3957829 prime?
True
Is 3072214 a prime number?
False
Is 2322023 composite?
True
Is 40859249 a prime number?
True
Is 114053657 prime?
True
Is 15364681 a prime number?
True
Is 8029943 a prime number?
True
Is 413606411 prime?
True
Is 13992047 prime?
True
Is 8516579 prime?
False
Is 5631101 a prime number?
False
Is 156575845 prime?
False
Is 5485649 a prime number?
False
Is 2684051 a prime number?
False
Is 28020871 composite?
True
Is 32542381 composite?
False
Is 36512453 prime?
True
Is 394087 prime?
False
Is 36305441 composite?
True
Is 34160431 a composite number?
True
Is 21163613 a prime number?
False
Is 16834061 a prime number?
True
Is 18821983 a composite number?
False
Is 3247141 composite?
True
Is 1681219 composite?
False
Is 17628805 a composite number?
True
Is 4621431 a prime number?
False
Is 1626895 a composite number?
True
Is 1473139 a prime number?
False
Is 3106657 prime?
True
Is 2304663 composite?
True
Is 196091143 prime?
True
Is 10290019 a prime number?
True
Is 100683211 prime?
True
Is 377896273 prime?
True
Is 18410989 prime?
True
Is 4693123 a prime number?
True
Is 37086209 a prime number?
True
Is 1856231 prime?
False
Is 1448477 a composite number?
False
Is 8353193 a prime number?
False
Is 3501809 composite?
False
Is 238893119 a composite number?
False
Is 32499167 composite?
True
Is 8414239 composite?
True
Is 4322347 a prime number?
True
Is 269343203 composite?
True
Is 427145482 a prime number?
False
Is 2231239 a prime number?
False
Is 307929 a prime number?
False
Is 5131067 composite?
False
Is 794327 prime?
True
Is 14491795 a prime number?
False
Is 229222417 prime?
True
Is 5192921 prime?
False
Is 3109663 composite?
True
Is 202249 a prime number?
False
Is 2731453 composite?
True
Is 208970161 prime?
True
Is 90591533 a composite number?
False
Is 48152191 a composite number?
True
Is 1140677 prime?
True
Is 24087287 a prime number?
False
Is 295591859 a prime number?
True
Is 55631473 a composite number?
False
Is 91438549 a composite number?
True
Is 776399 prime?
False
Is 597197 composite?
True
Is 54307679 prime?
True
Is 42519997 a composite number?
True
Is 55470113 composite?
False
Is 5912729 a prime number?
False
Is 14591561 a prime number?
True
Is 15018161 a composite number?
False
Is 8402857 composite?
False
Is 22360747 a composite number?
True
Is 169064477 a prime number?
False
Is 1737257 prime?
True
Is 1761367 prime?
True
Is 121593 a composite number?
True
Is 693989 composite?
False
Is 4174369 a composite number?
False
Is 660685 prime?
False
Is 22640053 a composite number?
False
Is 103928003 a prime number?
False
Is 16866541 a prime number?
True
Is 2168143 a composite number?
False
Is 883577 prime?
True
Is 51585533 composite?
True
Is 39532777 a prime number?
False
Is 12036599 a prime number?
False
Is 32869457 a prime number?
True
Is 965448739 a composite number?
False
Is 142848749 a composite number?
True
Is 4945579 a prime number?
True
Is 314969 composite?
True
Is 430405543 a composite number?
False
Is 3140209 a composite number?
False
Is 100279097 composite?
False
Is 4941523 composite?
True
Is 223157 a prime number?
False
Is 21497183 composite?
False
Is 1691761 a composite number?
True
Is 15679 prime?
True
Is 184162999 composite?
True
Is 4482331 prime?
False
Is 18260119 a composite number?
False
Is 49645261 composite?
False
Is 24309291 a prime number?
False
Is 732130453 a prime number?
False
Is 809701 a prime number?
True
Is 385233271 a prime number?
True
Is 1994167 composite?
True
Is 87202279 a prime number?
True
Is 8046041 prime?
True
Is 90959347 prime?
True
Is 15380347 prime?
True
Is 4625269 a prime number?
False
Is 14225449 prime?
False
Is 398785 a composite number?
True
Is 1337153 composite?
False
Is 5810011 a composite number?
False
Is 123243613 a composite number?
False
Is 2754329 a prime number?
True
Is 2802631 composite?
True
Is 1048783 prime?
True
Is 992777 a prime number?
True
Is 110878741 composite?
False
Is 17690579 a prime number?
True
Is 5715503 composite?
True
Is 20084341 prime?
False
Is 157084771 a composite number?
False
Is 10323421 composite?
False
Is 215563 composite?
False
Is 103999697 composite?
False
Is 3444709 a prime number?
False
Is 25040651 a prime number?
False
Is 125241409 a prime number?
True
Is 16879147 a composite number?
True
Is 95896123 composite?
False
Is 574326037 a prime number?
True
Is 529050821 prime?
False
Is 1220147 a prime number?
True
Is 19585463 a prime number?
False
Is 3168247 a composite number?
False
Is 3213989 composite?
True
Is 770261 composite?
False
Is 12605179 prime?
False
Is 20901283 composite?
True
Is 102415579 a composite number?
True
Is 49945127 a prime number?
False
Is 73780013 composite?
True
Is 256327 prime?
False
Is 18240961 a prime number?
True
Is 171158369 composite?
False
Is 922351 prime?
True
Is 8054507 a composite number?
False
Is 5884442 a prime number?
False
Is 2194183 a composite number?
True
Is 74883649 a prime number?
False
Is 1471931 a prime number?
False
Is 725820223 a composite number?
True
Is 153356333 a composite number?
True
Is 8174707 a composite number?
True
Is 37741489 composite?
True
Is 52896581 prime?
True
Is 7589783 a composite number?
False
Is 1889989 composite?
True
Is 3783869 prime?
False
Is 16214987 composite?
True
Is 27229021 composite?
False
Is 2906003 composite?
True
Is 11532539 a composite number?
False
Is 45093857 prime?
True
Is 1182967 a prime number?
True
Is 237718109 composite?
True
Is 12136457 a composite number?
False
Is 2874211 prime?
True
Is 116136169 prime?
True
Is 396403 composite?
True
Is 8826542 a prime number?
False
Is 365108621 composite?
False
Is 43635281 prime?
False
Is 630881153 composite?
True
Is 121150829 a prime number?
True
Is 12811717 composite?
False
Is 76744453 prime?
True
Is 1096001 composite?
True
Is 63798887 prime?
True
Is 1166261 a prime number?
False
Is 14427617 composite?
True
Is 2106023 a composite number?
True
Is 6859829 prime?
False
Is 5200007 a composite number?
False
Is 106655107 a prime number?
False
Is 4432874 a prime number?
False
Is 205075181 a composite number?
False
Is 80851202 composite?
True
Is 30056281 a prime number?
True
Is 23059627 a composite number?
False
Is 27617267 a composite number?
False
Is 43798529 prime?
False
Is 26826269 a composite number?
False
Is 2464299935 prime?
False
Is 38672479 a composite number?
True
Is 10795606 a prime number?
False
Is 122745437 composite?
False
Is 12306347 prime?
False
Is 32245771 composite?
False
Is 22621265 prime?
False
Is 1923802607 composite?
False
Is 2344957 a prime number?
False
Is 433727 composite?
True
Is 89363 a composite number?
False
Is 551121 a composite number?
True
Is 206236721 a prime number?
False
Is 46285123 a composite number?
False
Is 14656327 composite?
True
Is 22547213 a prime number?
False
Is 2419471 prime?
False
Is 72763 prime?
True
Is 66457907 composite?
False
Is 22428361 prime?
False
Is 852961 a prime number?
False
Is 963581 a composite number?
False
Is 11490047 composite?
False
Is 1038603 a composite number?
True
Is 3549517 composite?
False
Is 455873 a prime number?
False
Is 102995971 a prime number?
False
Is 5376515 a composite number?
True
Is 1400429 composite?
True
Is 182465 composite?
True
Is 1468543 prime?
True
Is 11657 a prime number?
True
Is 1418399 a prime number?
True
Is 541028767 composite?
False
Is 133571 a composite number?
False
Is 48701798 prime?
False
Is 11974787 a composite number?
True
Is 3541019 composite?
False
Is 115668103 a prime number?
True
Is 1585889 a composite number?
False
Is 117287269 a composite number?
True
Is 710054 composite?
True
Is 6307303 a composite num